{"id":113,"date":"2024-03-19T18:38:24","date_gmt":"2024-03-19T18:38:24","guid":{"rendered":"https:\/\/bwaagenciadigital.com.br\/cris\/?page_id=113"},"modified":"2024-03-21T10:14:55","modified_gmt":"2024-03-21T10:14:55","slug":"quem-sou","status":"publish","type":"page","link":"https:\/\/bwaagenciadigital.com.br\/cris\/quem-sou\/","title":{"rendered":"Quem Sou"},"content":{"rendered":"\t\t<div data-elementor-type=\"wp-page\" data-elementor-id=\"113\" class=\"elementor elementor-113\" data-elementor-post-type=\"page\">\n\t\t\t\t<div class=\"elementor-element elementor-element-5b472b42 e-con-full e-flex e-con e-parent\" data-id=\"5b472b42\" data-element_type=\"container\" data-settings=\"{&quot;background_background&quot;:&quot;classic&quot;}\">\n\t\t<div class=\"elementor-element elementor-element-1c4bcd6 e-flex e-con-boxed e-con e-child\" data-id=\"1c4bcd6\" data-element_type=\"container\" data-settings=\"{&quot;background_background&quot;:&quot;classic&quot;}\">\n\t\t\t\t\t<div class=\"e-con-inner\">\n\t\t<div class=\"elementor-element elementor-element-27b2cb7 e-flex e-con-boxed e-con e-child\" data-id=\"27b2cb7\" data-element_type=\"container\" data-settings=\"{&quot;background_background&quot;:&quot;classic&quot;}\">\n\t\t\t\t\t<div class=\"e-con-inner\">\n\t\t\t\t<div class=\"elementor-element elementor-element-1f2101b1 elementor-invisible elementor-widget elementor-widget-heading\" data-id=\"1f2101b1\" data-element_type=\"widget\" data-settings=\"{&quot;_animation&quot;:&quot;fadeInDown&quot;}\" data-widget_type=\"heading.default\">\n\t\t\t\t<div class=\"elementor-widget-container\">\n\t\t\t<style>\/*! elementor - v3.22.0 - 17-06-2024 *\/\n.elementor-heading-title{padding:0;margin:0;line-height:1}.elementor-widget-heading .elementor-heading-title[class*=elementor-size-]>a{color:inherit;font-size:inherit;line-height:inherit}.elementor-widget-heading .elementor-heading-title.elementor-size-small{font-size:15px}.elementor-widget-heading .elementor-heading-title.elementor-size-medium{font-size:19px}.elementor-widget-heading .elementor-heading-title.elementor-size-large{font-size:29px}.elementor-widget-heading .elementor-heading-title.elementor-size-xl{font-size:39px}.elementor-widget-heading .elementor-heading-title.elementor-size-xxl{font-size:59px}<\/style><h1 class=\"elementor-heading-title elementor-size-default\">Quem Sou<\/h1>\t\t<\/div>\n\t\t\t\t<\/div>\n\t\t\t\t<div class=\"elementor-element elementor-element-2019115 elementor-widget-divider--view-line elementor-widget elementor-widget-divider\" data-id=\"2019115\" data-element_type=\"widget\" data-widget_type=\"divider.default\">\n\t\t\t\t<div class=\"elementor-widget-container\">\n\t\t\t<style>\/*! elementor - v3.22.0 - 17-06-2024 *\/\n.elementor-widget-divider{--divider-border-style:none;--divider-border-width:1px;--divider-color:#0c0d0e;--divider-icon-size:20px;--divider-element-spacing:10px;--divider-pattern-height:24px;--divider-pattern-size:20px;--divider-pattern-url:none;--divider-pattern-repeat:repeat-x}.elementor-widget-divider .elementor-divider{display:flex}.elementor-widget-divider .elementor-divider__text{font-size:15px;line-height:1;max-width:95%}.elementor-widget-divider .elementor-divider__element{margin:0 var(--divider-element-spacing);flex-shrink:0}.elementor-widget-divider .elementor-icon{font-size:var(--divider-icon-size)}.elementor-widget-divider .elementor-divider-separator{display:flex;margin:0;direction:ltr}.elementor-widget-divider--view-line_icon .elementor-divider-separator,.elementor-widget-divider--view-line_text .elementor-divider-separator{align-items:center}.elementor-widget-divider--view-line_icon .elementor-divider-separator:after,.elementor-widget-divider--view-line_icon .elementor-divider-separator:before,.elementor-widget-divider--view-line_text .elementor-divider-separator:after,.elementor-widget-divider--view-line_text .elementor-divider-separator:before{display:block;content:\"\";border-block-end:0;flex-grow:1;border-block-start:var(--divider-border-width) var(--divider-border-style) var(--divider-color)}.elementor-widget-divider--element-align-left .elementor-divider .elementor-divider-separator>.elementor-divider__svg:first-of-type{flex-grow:0;flex-shrink:100}.elementor-widget-divider--element-align-left .elementor-divider-separator:before{content:none}.elementor-widget-divider--element-align-left .elementor-divider__element{margin-left:0}.elementor-widget-divider--element-align-right .elementor-divider .elementor-divider-separator>.elementor-divider__svg:last-of-type{flex-grow:0;flex-shrink:100}.elementor-widget-divider--element-align-right .elementor-divider-separator:after{content:none}.elementor-widget-divider--element-align-right .elementor-divider__element{margin-right:0}.elementor-widget-divider--element-align-start .elementor-divider .elementor-divider-separator>.elementor-divider__svg:first-of-type{flex-grow:0;flex-shrink:100}.elementor-widget-divider--element-align-start .elementor-divider-separator:before{content:none}.elementor-widget-divider--element-align-start .elementor-divider__element{margin-inline-start:0}.elementor-widget-divider--element-align-end .elementor-divider .elementor-divider-separator>.elementor-divider__svg:last-of-type{flex-grow:0;flex-shrink:100}.elementor-widget-divider--element-align-end .elementor-divider-separator:after{content:none}.elementor-widget-divider--element-align-end .elementor-divider__element{margin-inline-end:0}.elementor-widget-divider:not(.elementor-widget-divider--view-line_text):not(.elementor-widget-divider--view-line_icon) .elementor-divider-separator{border-block-start:var(--divider-border-width) var(--divider-border-style) var(--divider-color)}.elementor-widget-divider--separator-type-pattern{--divider-border-style:none}.elementor-widget-divider--separator-type-pattern.elementor-widget-divider--view-line .elementor-divider-separator,.elementor-widget-divider--separator-type-pattern:not(.elementor-widget-divider--view-line) .elementor-divider-separator:after,.elementor-widget-divider--separator-type-pattern:not(.elementor-widget-divider--view-line) .elementor-divider-separator:before,.elementor-widget-divider--separator-type-pattern:not([class*=elementor-widget-divider--view]) .elementor-divider-separator{width:100%;min-height:var(--divider-pattern-height);-webkit-mask-size:var(--divider-pattern-size) 100%;mask-size:var(--divider-pattern-size) 100%;-webkit-mask-repeat:var(--divider-pattern-repeat);mask-repeat:var(--divider-pattern-repeat);background-color:var(--divider-color);-webkit-mask-image:var(--divider-pattern-url);mask-image:var(--divider-pattern-url)}.elementor-widget-divider--no-spacing{--divider-pattern-size:auto}.elementor-widget-divider--bg-round{--divider-pattern-repeat:round}.rtl .elementor-widget-divider .elementor-divider__text{direction:rtl}.e-con-inner>.elementor-widget-divider,.e-con>.elementor-widget-divider{width:var(--container-widget-width,100%);--flex-grow:var(--container-widget-flex-grow)}<\/style>\t\t<div class=\"elementor-divider\">\n\t\t\t<span class=\"elementor-divider-separator\">\n\t\t\t\t\t\t<\/span>\n\t\t<\/div>\n\t\t\t\t<\/div>\n\t\t\t\t<\/div>\n\t\t\t\t\t<\/div>\n\t\t\t\t<\/div>\n\t\t\t\t\t<\/div>\n\t\t\t\t<\/div>\n\t\t\t\t<\/div>\n\t\t<div class=\"elementor-element elementor-element-3050fefa e-flex e-con-boxed e-con e-parent\" data-id=\"3050fefa\" data-element_type=\"container\" data-settings=\"{&quot;background_background&quot;:&quot;classic&quot;}\">\n\t\t\t\t\t<div class=\"e-con-inner\">\n\t\t<div class=\"elementor-element elementor-element-291f1 e-flex e-con-boxed elementor-invisible e-con e-child\" data-id=\"291f1\" data-element_type=\"container\" data-settings=\"{&quot;animation&quot;:&quot;zoomIn&quot;}\">\n\t\t\t\t\t<div class=\"e-con-inner\">\n\t\t\t\t<div class=\"elementor-element elementor-element-7df47ae6 elementor-widget elementor-widget-elementskit-video\" data-id=\"7df47ae6\" data-element_type=\"widget\" data-widget_type=\"elementskit-video.default\">\n\t\t\t\t<div class=\"elementor-widget-container\">\n\t\t\t<div class=\"ekit-wid-con\" >\t\t<div class=\"video-content\" data-video-player=\"[]\" data-video-setting=\"{&quot;videoVolume&quot;:&quot;horizontal&quot;,&quot;startVolume&quot;:0.8,&quot;videoType&quot;:&quot;iframe&quot;,&quot;videoClass&quot;:&quot;mfp-fade&quot;}\">\n\t\t\t\n<a class=\"ekit_icon_button ekit-video-popup ekit-video-popup-btn\" href=\"https:\/\/www.youtube.com\/embed\/c59bfsPm8mY?feature=oembed?playlist=c59bfsPm8mY&amp;mute=0&amp;autoplay=0&amp;loop=no&amp;controls=0&amp;start=0&amp;end=\" aria-label=\"video-popup\">\n\t\t\t\t<i aria-hidden=\"true\" class=\"icon icon-play-button\"><\/i>\t\t<\/a>\n\t\t\t\t\t<\/div>\n\t\t<\/div>\t\t<\/div>\n\t\t\t\t<\/div>\n\t\t\t\t<div class=\"elementor-element elementor-element-4abbe5f3 elementor-widget elementor-widget-heading\" data-id=\"4abbe5f3\" data-element_type=\"widget\" data-widget_type=\"heading.default\">\n\t\t\t\t<div class=\"elementor-widget-container\">\n\t\t\t<h2 class=\"elementor-heading-title elementor-size-default\">PREPARADO PARA COME\u00c7AR?<\/h2>\t\t<\/div>\n\t\t\t\t<\/div>\n\t\t\t\t<div class=\"elementor-element elementor-element-2932290a elementor-widget elementor-widget-text-editor\" data-id=\"2932290a\" data-element_type=\"widget\" data-widget_type=\"text-editor.default\">\n\t\t\t\t<div class=\"elementor-widget-container\">\n\t\t\t<style>\/*! elementor - v3.22.0 - 17-06-2024 *\/\n.elementor-widget-text-editor.elementor-drop-cap-view-stacked .elementor-drop-cap{background-color:#69727d;color:#fff}.elementor-widget-text-editor.elementor-drop-cap-view-framed .elementor-drop-cap{color:#69727d;border:3px solid;background-color:transparent}.elementor-widget-text-editor:not(.elementor-drop-cap-view-default) .elementor-drop-cap{margin-top:8px}.elementor-widget-text-editor:not(.elementor-drop-cap-view-default) .elementor-drop-cap-letter{width:1em;height:1em}.elementor-widget-text-editor .elementor-drop-cap{float:left;text-align:center;line-height:1;font-size:50px}.elementor-widget-text-editor .elementor-drop-cap-letter{display:inline-block}<\/style>\t\t\t\t<p>Eu ofere\u00e7o treinamentos online e presenciais para quem, assim como n\u00f3s, enxerga claramente o poder da internet para desenvolvimento e alavancagem de neg\u00f3cios.<\/p>\t\t\t\t\t\t<\/div>\n\t\t\t\t<\/div>\n\t\t\t\t\t<\/div>\n\t\t\t\t<\/div>\n\t\t\t\t\t<\/div>\n\t\t\t\t<\/div>\n\t\t<div class=\"elementor-element elementor-element-7d899daa elementor-hidden-mobile e-flex e-con-boxed e-con e-parent\" data-id=\"7d899daa\" data-element_type=\"container\" data-settings=\"{&quot;background_background&quot;:&quot;classic&quot;}\">\n\t\t\t\t\t<div class=\"e-con-inner\">\n\t\t<div class=\"elementor-element elementor-element-38586e84 e-con-full e-flex elementor-invisible e-con e-child\" data-id=\"38586e84\" data-element_type=\"container\" data-settings=\"{&quot;animation&quot;:&quot;fadeInLeft&quot;}\">\n\t\t\t\t<div class=\"elementor-element elementor-element-3ac0cf9b elementor-widget elementor-widget-image\" data-id=\"3ac0cf9b\" data-element_type=\"widget\" data-widget_type=\"image.default\">\n\t\t\t\t<div class=\"elementor-widget-container\">\n\t\t\t<style>\/*! elementor - v3.22.0 - 17-06-2024 *\/\n.elementor-widget-image{text-align:center}.elementor-widget-image a{display:inline-block}.elementor-widget-image a img[src$=\".svg\"]{width:48px}.elementor-widget-image img{vertical-align:middle;display:inline-block}<\/style>\t\t\t\t\t\t\t\t\t\t<img fetchpriority=\"high\" decoding=\"async\" width=\"600\" height=\"900\" src=\"https:\/\/bwaagenciadigital.com.br\/cris\/wp-content\/uploads\/2024\/03\/cris.webp\" class=\"attachment-large size-large wp-image-336\" alt=\"\" srcset=\"https:\/\/bwaagenciadigital.com.br\/cris\/wp-content\/uploads\/2024\/03\/cris.webp 600w, https:\/\/bwaagenciadigital.com.br\/cris\/wp-content\/uploads\/2024\/03\/cris-200x300.webp 200w\" sizes=\"(max-width: 600px) 100vw, 600px\" \/>\t\t\t\t\t\t\t\t\t\t\t\t\t<\/div>\n\t\t\t\t<\/div>\n\t\t\t\t<\/div>\n\t\t<div class=\"elementor-element elementor-element-3e09e418 e-con-full e-flex elementor-invisible e-con e-child\" data-id=\"3e09e418\" data-element_type=\"container\" data-settings=\"{&quot;animation&quot;:&quot;fadeIn&quot;,&quot;background_background&quot;:&quot;classic&quot;}\">\n\t\t\t\t<div class=\"elementor-element elementor-element-3c5f325c elementor-widget elementor-widget-heading\" data-id=\"3c5f325c\" data-element_type=\"widget\" data-widget_type=\"heading.default\">\n\t\t\t\t<div class=\"elementor-widget-container\">\n\t\t\t<h2 class=\"elementor-heading-title elementor-size-default\">CRIS FRANKLIN\n<\/h2>\t\t<\/div>\n\t\t\t\t<\/div>\n\t\t\t\t<div class=\"elementor-element elementor-element-72996699 elementor-widget elementor-widget-text-editor\" data-id=\"72996699\" data-element_type=\"widget\" data-widget_type=\"text-editor.default\">\n\t\t\t\t<div class=\"elementor-widget-container\">\n\t\t\t\t\t\t\t<h4><strong>PIONEIRA NO EMPREENDEDORISMO DIGITAL NO BRASIL<\/strong><\/h4><p>Eu sou empreendedora digital e atuo nesse mercado h\u00e1 cerca de 16 anos. Durante esse tempo, j\u00e1 ajudei mais de 30 mil pessoas a utilizarem o poder da internet nos seus neg\u00f3cios, mostrando o caminho que eu mesmo trilhei para criar e desenvolver o meu neg\u00f3cio digital. Muitos dos meus alunos que entraram e se estabeleceram no mercado atrav\u00e9s dos meus cursos, hoje s\u00e3o consideradas grandes Pot\u00eancias Digitais.<\/p><p>Com mais de 60 milh\u00f5es de reais faturados, J\u00e1 conduziu e escalou neg\u00f3cios por todas as grandes ondas da internet at\u00e9 hoje.<\/p><p>\u00a0<\/p>\t\t\t\t\t\t<\/div>\n\t\t\t\t<\/div>\n\t\t\t\t<div class=\"elementor-element elementor-element-7d0bdf99 elementor-widget elementor-widget-image\" data-id=\"7d0bdf99\" data-element_type=\"widget\" data-widget_type=\"image.default\">\n\t\t\t\t<div class=\"elementor-widget-container\">\n\t\t\t\t\t\t\t\t\t\t\t\t\t<img decoding=\"async\" width=\"800\" height=\"153\" src=\"https:\/\/bwaagenciadigital.com.br\/cris\/wp-content\/uploads\/2024\/03\/logo-branca.png\" class=\"attachment-large size-large wp-image-35\" alt=\"\" srcset=\"https:\/\/bwaagenciadigital.com.br\/cris\/wp-content\/uploads\/2024\/03\/logo-branca.png 1024w, https:\/\/bwaagenciadigital.com.br\/cris\/wp-content\/uploads\/2024\/03\/logo-branca-300x57.png 300w, https:\/\/bwaagenciadigital.com.br\/cris\/wp-content\/uploads\/2024\/03\/logo-branca-768x147.png 768w\" sizes=\"(max-width: 800px) 100vw, 800px\" \/>\t\t\t\t\t\t\t\t\t\t\t\t\t<\/div>\n\t\t\t\t<\/div>\n\t\t\t\t<\/div>\n\t\t\t\t\t<\/div>\n\t\t\t\t<\/div>\n\t\t<div class=\"elementor-element elementor-element-74c0e428 elementor-hidden-desktop elementor-hidden-tablet e-flex e-con-boxed e-con e-parent\" data-id=\"74c0e428\" data-element_type=\"container\" data-settings=\"{&quot;background_background&quot;:&quot;classic&quot;}\">\n\t\t\t\t\t<div class=\"e-con-inner\">\n\t\t<div class=\"elementor-element elementor-element-39c3e897 e-con-full e-flex elementor-invisible e-con e-child\" data-id=\"39c3e897\" data-element_type=\"container\" data-settings=\"{&quot;animation&quot;:&quot;fadeInLeft&quot;}\">\n\t\t<div class=\"elementor-element elementor-element-3b782ed1 e-con-full e-flex elementor-invisible e-con e-child\" data-id=\"3b782ed1\" data-element_type=\"container\" data-settings=\"{&quot;animation&quot;:&quot;fadeIn&quot;,&quot;background_background&quot;:&quot;classic&quot;}\">\n\t\t\t\t<div class=\"elementor-element elementor-element-2c448685 elementor-widget elementor-widget-heading\" data-id=\"2c448685\" data-element_type=\"widget\" data-widget_type=\"heading.default\">\n\t\t\t\t<div class=\"elementor-widget-container\">\n\t\t\t<h2 class=\"elementor-heading-title elementor-size-default\">CRIS FRANKLIN\n<\/h2>\t\t<\/div>\n\t\t\t\t<\/div>\n\t\t\t\t<div class=\"elementor-element elementor-element-44587d49 elementor-widget elementor-widget-text-editor\" data-id=\"44587d49\" data-element_type=\"widget\" data-widget_type=\"text-editor.default\">\n\t\t\t\t<div class=\"elementor-widget-container\">\n\t\t\t\t\t\t\t<h4><strong>PIONEIRA NO EMPREENDEDORISMO DIGITAL NO BRASIL<\/strong><\/h4><p>Eu sou empreendedora digital e atuo nesse mercado h\u00e1 cerca de 16 anos. Durante esse tempo, j\u00e1 ajudei mais de 30 mil pessoas a utilizarem o poder da internet nos seus neg\u00f3cios, mostrando o caminho que eu mesmo trilhei para criar e desenvolver o meu neg\u00f3cio digital. Muitos dos meus alunos que entraram e se estabeleceram no mercado atrav\u00e9s dos meus cursos, hoje s\u00e3o consideradas grandes Pot\u00eancias Digitais.<\/p><p>Com mais de 60 milh\u00f5es de reais faturados, J\u00e1 conduziu e escalou neg\u00f3cios por todas as grandes ondas da internet at\u00e9 hoje.<\/p><p>\u00a0<\/p>\t\t\t\t\t\t<\/div>\n\t\t\t\t<\/div>\n\t\t\t\t<div class=\"elementor-element elementor-element-46db5a6d elementor-widget elementor-widget-image\" data-id=\"46db5a6d\" data-element_type=\"widget\" data-widget_type=\"image.default\">\n\t\t\t\t<div class=\"elementor-widget-container\">\n\t\t\t\t\t\t\t\t\t\t\t\t\t<img decoding=\"async\" width=\"800\" height=\"153\" src=\"https:\/\/bwaagenciadigital.com.br\/cris\/wp-content\/uploads\/2024\/03\/logo-branca.png\" class=\"attachment-large size-large wp-image-35\" alt=\"\" srcset=\"https:\/\/bwaagenciadigital.com.br\/cris\/wp-content\/uploads\/2024\/03\/logo-branca.png 1024w, https:\/\/bwaagenciadigital.com.br\/cris\/wp-content\/uploads\/2024\/03\/logo-branca-300x57.png 300w, https:\/\/bwaagenciadigital.com.br\/cris\/wp-content\/uploads\/2024\/03\/logo-branca-768x147.png 768w\" sizes=\"(max-width: 800px) 100vw, 800px\" \/>\t\t\t\t\t\t\t\t\t\t\t\t\t<\/div>\n\t\t\t\t<\/div>\n\t\t\t\t<\/div>\n\t\t\t\t<div class=\"elementor-element elementor-element-2329b06e elementor-widget elementor-widget-image\" data-id=\"2329b06e\" data-element_type=\"widget\" data-widget_type=\"image.default\">\n\t\t\t\t<div class=\"elementor-widget-container\">\n\t\t\t\t\t\t\t\t\t\t\t\t\t<img decoding=\"async\" width=\"600\" height=\"900\" src=\"https:\/\/bwaagenciadigital.com.br\/cris\/wp-content\/uploads\/2024\/03\/cris.png\" class=\"attachment-large size-large wp-image-156\" alt=\"\" srcset=\"https:\/\/bwaagenciadigital.com.br\/cris\/wp-content\/uploads\/2024\/03\/cris.png 600w, https:\/\/bwaagenciadigital.com.br\/cris\/wp-content\/uploads\/2024\/03\/cris-200x300.png 200w\" sizes=\"(max-width: 600px) 100vw, 600px\" \/>\t\t\t\t\t\t\t\t\t\t\t\t\t<\/div>\n\t\t\t\t<\/div>\n\t\t\t\t<\/div>\n\t\t\t\t\t<\/div>\n\t\t\t\t<\/div>\n\t\t\t\t<\/div>\n\t\t","protected":false},"excerpt":{"rendered":"<p>PREPARADO PARA COME\u00c7AR? Eu ofere\u00e7o treinamentos online e presenciais para quem, assim como n\u00f3s, enxerga claramente o poder da internet para desenvolvimento e alavancagem de neg\u00f3cios. CRIS FRANKLIN PIONEIRA NO EMPREENDEDORISMO DIGITAL NO BRASIL Eu sou empreendedora digital e atuo nesse mercado h\u00e1 cerca de 16 anos. Durante esse tempo, j\u00e1 ajudei mais de 30 [&hellip;]<\/p>\n","protected":false},"author":1,"featured_media":0,"parent":0,"menu_order":0,"comment_status":"closed","ping_status":"closed","template":"","meta":{"footnotes":""},"_links":{"self":[{"href":"https:\/\/bwaagenciadigital.com.br\/cris\/wp-json\/wp\/v2\/pages\/113"}],"collection":[{"href":"https:\/\/bwaagenciadigital.com.br\/cris\/wp-json\/wp\/v2\/pages"}],"about":[{"href":"https:\/\/bwaagenciadigital.com.br\/cris\/wp-json\/wp\/v2\/types\/page"}],"author":[{"embeddable":true,"href":"https:\/\/bwaagenciadigital.com.br\/cris\/wp-json\/wp\/v2\/users\/1"}],"replies":[{"embeddable":true,"href":"https:\/\/bwaagenciadigital.com.br\/cris\/wp-json\/wp\/v2\/comments?post=113"}],"version-history":[{"count":26,"href":"https:\/\/bwaagenciadigital.com.br\/cris\/wp-json\/wp\/v2\/pages\/113\/revisions"}],"predecessor-version":[{"id":452,"href":"https:\/\/bwaagenciadigital.com.br\/cris\/wp-json\/wp\/v2\/pages\/113\/revisions\/452"}],"wp:attachment":[{"href":"https:\/\/bwaagenciadigital.com.br\/cris\/wp-json\/wp\/v2\/media?parent=113"}],"curies":[{"name":"wp","href":"https:\/\/api.w.org\/{rel}","templated":true}]}}